e c = -a - a + 126. What are the prime factors of a?
3, 7
Suppose 0 = 7*y - 13*y + 3840. List the prime factors of y.
2, 5
Let b(h) = -h**2 + 4*h. Let w be b(3). Suppose -3*v = w*g, -3*v - 5*g = -g. Suppose v = -r + 3. List the prime factors of r.
3
Suppose -32*r + 71297 = -7871. List the prime factors of r.
2, 1237
Let h(r) = -r**3 + 6*r**2 + 10*r + 1. Let j be h(7). Suppose -j = 6*p - 892. What are the prime factors of p?
5, 29
Let p = 17 - 14. Let a(m) = 10*m + 14 - 4 - 1 + p*m**2. List the prime factors of a(-6).
3, 19
Let s = 923 - -747. List the prime factors of s.
2, 5, 167
Let g(q) = -q**2 + 10*q - 4. Let v be g(8). Let f be 128*(15/v)/1. What are the prime factors of (5/(-4))/((-8)/f)?
5
Suppose -6*k + k + 5*l = 15, 3*k = -l + 3. Suppose -2*t + 2 = k, 4*n + t = 5*n - 56. List the prime factors of n.
3, 19
Suppose 11*y + 877 - 52 = 0. List the prime factors of (-10)/y - 896/(-30).
2, 3, 5
Suppose 2*s - 7 = 11. Suppose -3 = -s*v + 4*v + 4*r, -4 = -2*v + 3*r. List the prime factors of (26/5)/(v/(-5)).
2, 13
List the prime factors of (-11)/((-44)/180) - -1.
2, 23
Let g(z) = 44*z + 159. What are the prime factors of g(7)?
467
Let h = 137 + -39. What are the prime factors of h?
2, 7
Let d(c) = 217*c - 419. List the prime factors of d(10).
17, 103
Let z(v) be the second derivative of -v**5/120 + 5*v**4/24 + v**3/2 - 2*v. Let j(l) be the second derivative of z(l). What are the prime factors of j(-4)?
3
Suppose 19 = 6*w - 5. Let x = w + 60. List the prime factors of x.
2
List the prime factors of 19*(-47 - -13)/(6/(-9)).
3, 17, 19
Suppose 0 = z - 2, w + 0*w = -5*z - 431. Let l = -165 - w. List the prime factors of l.
2, 3, 23
Suppose 23 = 4*u + 7. Suppose -u*i + 1120 = 3*i. List the prime factors of i.
2, 5
Let l be -177*(0 - 1)/1. Let x = 249 - l. What are the prime factors of x?
2, 3
Let k(s) = -s**3 - 8*s**2. Let y be k(-8). Suppose 2*b = -3*m + 29, 0 = 5*b - y*m + 3*m - 95. List the prime factors of b.
2, 11
Let v(a) = -a**3 + 9*a**2 + 11*a - 10. Let k be v(10). Suppose k = 5*s - o - 200, -2 = -o + 3. What are the prime factors of s?
41
Let b(s) = -11*s + 14. Suppose -2*o - 3 = 13. What are the prime factors of b(o)?
2, 3, 17
Suppose 87*l - 13793 = 24835. List the prime factors of l.
2, 3, 37
Let i(k) = k**2 + 3*k + 2. Let x be i(-3). Suppose -x*d + 0*d = -44. What are the prime factors of d - 1 - 0/7?
3, 7
Let m = -158 + 89. Let t = -10 - m. Let j = t + -32. List the prime factors of j.
3
List the prime factors of (-28)/6*(-76722)/76.
7, 673
Suppose -k - 2*y + 7*y + 13 = 0, 0 = -3*k + 3*y + 15. Suppose -h - 136 = k*h. What are the prime factors of (1 - h/(-4))*-2?
3, 5
Let i = -2 - -5. Let o = i - 0. Suppose -o*r + 33 + 36 = 0. What are the prime factors of r?
23
Let k(f) = -48*f - 1. Let v be k(2). Let w = v - -192. What are the prime factors of w?
5, 19
Let j = 6904 - 1800. List the prime factors of j.
2, 11, 29
Suppose -9*h = -20*h + 22770. List the prime factors of h.
2, 3, 5, 23
Let p = 607 - 171. List the prime factors of p.
2, 109
Let t(y) = -2*y**2 - 12*y + 18. Let j be t(12). Let k = j - -670. What are the prime factors of k?
2
Suppose 2*z + 1308 = 2050. What are the prime factors of z?
7, 53
Suppose 3*p + 4 = -2*f, 0 = -5*f + 3*p + p + 13. Let h(i) = -15*i. Let v be h(f). Let x = v - -27. What are the prime factors of x?
2, 3
Suppose -5*y + 2*i - 7 = 0, -1 = 5*y + 3*i + 1. List the prime factors of y/2 - (-1022)/28.
2, 3
Let w(t) = 5*t**3 - 2*t**2 + 3*t + 3. Let b be w(4). Let i = -168 + b. What are the prime factors of i?
3, 5
Let m be (-22)/(1/(-1)) + -2. Suppose -5*h = -m - 5. Let n(i) = i**2 - 4*i - 1. List the prime factors of n(h).
2
Suppose -3*m - 63 = -4*z, 0 = -3*m + m + z - 37. Let v be -45 + (-1 + 1 - 1). Let k = m - v. What are the prime factors of k?
29
Suppose 27*t = 18121 + 12956. What are the prime factors of t?
1151
Suppose -2*p = -11*p + 720. List the prime factors of p.
2, 5
Let s(q) be the first derivative of -2*q**2 + 8*q + 3. Let p(y) = y. Let j(u) = -2*p(u) + s(u). List the prime factors of j(-9).
2, 31
Let g = -13 - -45. List the prime factors of g.
2
Let j(w) = -15*w - 14. Let m be j(16). Let r = -164 - m. What are the prime factors of r?
2, 3, 5
Let p = 53 + 10. Suppose 0 = 6*r + 36 + 18. Let j = r + p. List the prime factors of j.
2, 3
Let s(j) = j**3 - 11*j**2 - 17*j + 20. What are the prime factors of s(16)?
2, 257
Let z(y) = 11*y**2 + 4*y - 45. List the prime factors of z(7).
2, 3, 29
Let a be 0 + (2 - -1 - -29). Suppose 3*g + 4*v = 11, 2*v = 4*g - 12 - a. Suppose 4*n + 4 = 0, -3*u + n + g = 4*n. What are the prime factors of u?
2
Let o be 141*16/(-36) + (-4)/(-6). Let q = 57 - o. What are the prime factors of q?
7, 17
Suppose -174 = 3*n - 438. Suppose -9*d = -8*d - n. Suppose -4*b - d = -8*b. List the prime factors of b.
2, 11
Let a(s) = 59*s - 4. Let b be a(5). Let v = b - 184. List the prime factors of v.
107
Let g(n) = 3*n - 1. Let h be g(3). Let y(t) = -t**3 + 8*t**2. Let p be y(h). What are the prime factors of 19 + (-2)/(-2)*p?
19
List the prime factors of (6*-4 + 3)*86/(-6).
7, 43
Let t(m) be the third derivative of -4*m**2 + 0*m + 0 - 4/3*m**3 + 5/12*m**4. List the prime factors of t(4).
2
Let u(x) = -97*x + 595. What are the prime factors of u(-41)?
2, 3, 127
Let s = 972 - -1432. List the prime factors of s.
2, 601
Suppose -243 = 4*k - h, -4*k - 100 = -5*h + 155. Let p be k/105 + (-356)/14. List the prime factors of (p/8)/((-2)/16).
2, 13
Let w(v) = -v**2 - v. Let a(k) = -11*k**2 + 7*k - 5. Let d(z) = -a(z) - w(z). What are the prime factors of d(3)?
5, 19
Let b(f) = 7*f**2 + 2*f + 15. List the prime factors of b(11).
2, 13, 17
Let v(r) = -4 + 20 - 4 + r**3 + 22*r**2 - 56*r - 4. What are the prime factors of v(-24)?
2, 5
Let n = 935 + -566. Suppose 5*a - n = -39. What are the prime factors of a?
2, 3, 11
Suppose 0 = 3*k - 1479 + 333. What are the prime factors of k?
2, 191
Suppose -4*i = 4*v + 444, i - 353 = 3*v - 0*i. Let y = v + 219. List the prime factors of y.
103
Suppose 4*i + 0*q = -q - 3426, -1704 = 2*i - 4*q. Let k = -288 + i. What are the prime factors of k/(-24) + 2/6?
2, 3
Suppose -b + 7 = 3. Suppose 78 + 82 = b*l. Let o = 77 - l. List the prime factors of o.
37
Let o = 548 - -231. List the prime factors of o.
19, 41
Suppose 4*k = -3*k + 161. Suppose -q + k = 14. What are the prime factors of q?
3
Let j(c) = 6*c + 5. Let n be j(0). Suppose 0*r + 4*r - 556 = -4*x, n*r - 735 = 3*x. What are the prime factors of r?
2, 3
Let h(i) = -i**3 - 5*i**2 + 8*i + 9. Let k be h(-6). Let f be (1 + -1)/((-9)/k). Suppose -p + 11 + 10 = f. What are the prime factors of p?
3, 7
Let i(t) = t - 3. Let c be i(3). Suppose p - 5 + c = 0. Suppose -p*q = -196 + 41. What are the prime factors of q?
31
What are the prime factors of (-20)/290 - 42951/(-29)?
1481
Let r = -33 - -3. Let b = 88 - r. List the prime factors of b.
2, 59
Let h(r) = -r + 9. Let v = -17 + 22. Let x be h(v). Suppose -n + 104 = 5*k, x*k + 0*k - 5*n = 89. List the prime factors of k.
3, 7
Suppose 0 = -18*k + 12*k + 1728. What are the prime factors of k?
2, 3
Let s(v) = 16*v**2 - 15*v + 9. List the prime factors of s(4).
5, 41
Suppose -12 = -i - 34. Let j = 147 + i. List the prime factors of j.
5
Suppose 21*b - 79*b = -136996. What are the prime factors of b?
2, 1181
Suppose 2*j = -t + 10, -4*j = -3*j + 4*t + 2. Suppose -3*g + j + 3 = 0. List the prime factors of g.
3
Let t = -6 + 12. Suppose -x + 0*i = -i, -t = -5*x + 2*i. Suppose x*f - 1 = 39. List the prime factors of f.
2, 5
Suppose -1681 + 301 = -4*z + 4*c, 4*z - 1386 = c. List the prime factors of z.
347
Suppose 2*q = 3*v + 1431, -3*q = q + 3*v - 2817. List the prime factors of q.
2, 3, 59
Let n = 38 + -37. List the prime factors of (-2 + 3)/n*79.
79
Suppose 0 = 20*d - 15*d - 25. What are the prime factors of 195/26*64/d?
2, 3
Let v be 15/(-2)*4/(-6). Let a be 6*(-20)/(-24) + 1/1. Suppose -a = v*n - 31. What are the prime factors of n?
5
Suppose 714 = 7*z - 49. Suppose z = 4*c - 19. What are the prime factors of ((-56)/5)/(c/(-80))?
2, 7
Suppose 0 = 2*p - 9 - 1, 232 = 3*l + 2*p. Suppose g - 83 = l. What are the prime factors of g?
157
Suppose -m = -5*m - 5*q - 101, 2*m + 45 = 3*q. Let u be (2/(3 + -1))/(-1). Let z = u - m. What are the prime factors of z?
23
List the prime fac